) a prime number?
False
Let s be 257*((-4)/10 - (-12)/(-20)). Is ((-30)/(-5) + s)*2/(-2) prime?
True
Let x be (14/21)/(4/18). Let t be (-6)/(-9)*x/(-2). Is 3 - 32/(2/t) a composite number?
False
Let l(y) = 3390*y**3 + 2*y**2 - 3*y. Is l(1) composite?
False
Let h = -4624 + 7233. Is h a prime number?
True
Let m(i) = -141*i**3 - 5*i**2 - 4*i + 5. Is m(-3) composite?
False
Let x = -62 - -62. Suppose x = -5*h - 10, 2*a = -5*h - 0*h + 1668. Is a a prime number?
True
Suppose -b - 64750 = -5*r - 4*b, 2*b + 38869 = 3*r. Is r a composite number?
False
Suppose -n = -k - 3, 0*n - 4*n = -3*k - 12. Let p(u) = u**3 - 3*u**2 - u - 5. Let j be p(7). Is ((-4)/4 - k) + j a composite number?
True
Let l be (2 - 9)*(-6)/21. Suppose -2*x = 4*w - 172, -l*w = -3*w + 4*x + 52. Let y = w - -7. Is y composite?
True
Suppose u = i + 375, 4*u + 173 - 1718 = -5*i. Suppose 5*b - 4*c = u + 10009, 2*c = 4*b - 8316. Is b a prime number?
True
Suppose 263 = -5*l - 4*g - 45, -2*l - 3*g = 126. Let m be l/25*20/6. Let q(r) = r**3 + 14*r**2 - 3*r + 11. Is q(m) a composite number?
False
Let z be 18/(-4) + (-1)/2. Let t(p) be the second derivative of -35*p**3/6 + 6*p**2 + 8*p. Is t(z) prime?
False
Let p(s) = -21*s**2 + 8*s + 9. Let z(k) = k + 1. Let b(c) = -p(c) + 6*z(c). Is b(-2) a prime number?
False
Let p(y) = 24*y**3 - 3*y**2 + 4*y - 2. Suppose -b - 3 = -0*g - g, -9 = -3*g + 4*b. Is p(g) a prime number?
True
Let l = 4 + 1. Let u(s) = -s**3 + 6*s**2 - 5*s. Let g be u(l). Is g + 33 + (-2)/(-2) a prime number?
False
Let a(s) = 26*s + 44. Suppose 82 = 4*o + 2*x, 3*x + 35 = -3*o + 101. Is a(o) composite?
True
Suppose -3*y + 2*k = -21, 3 - 10 = -y + 4*k. Suppose 1360 = y*p - 117. Is p a prime number?
True
Let b(c) = c**3 - 41*c**2 - 180*c - 43. Is b(47) composite?
False
Let v(o) be the second derivative of o**5/20 - 3*o**4/4 - 7*o**3/6 - 8*o**2 - o. Is v(11) composite?
False
Suppose 0 = 2*p - 2*x - 3908, -3*p - 2*p + 4*x = -9765. Is p a prime number?
True
Suppose -5*l + 9614 + 32711 = 0. Is l prime?
False
Let j = -18 + 22. Suppose 3*q - q = -j*b + 1230, q = 1. Is b composite?
False
Suppose 5*l = 30*d - 31*d + 60987, -60983 = -5*l + d. Is l composite?
False
Let p(m) = m**3 + 12*m**2 + 3. Let q be p(-12). Suppose 5*y = -3*a + 202, -253 + 101 = -q*a + 5*y. Is a composite?
False
Let x = 9 - 1. Let v = x - 1. Suppose -4*y = t - v*y - 37, -4*t + 120 = -5*y. Is t a prime number?
False
Let u be ((-8)/(-12))/((-6)/(-45)). Suppose y = -2 + u. Suppose 0*p - 4*p + 310 = 2*h, -228 = -y*p - 3*h. Is p a prime number?
True
Is ((-15)/60)/(2/(-41528)) composite?
True
Let a be ((-1680)/(-9))/(2/(-6)). Let h = -353 - a. Suppose -2*v - h = -b + 2*v, 4*v - 215 = -b. Is b a composite number?
False
Suppose 0 = 3*b + 15, -5*d - 2*b + 10445 = -0*d. Let x = -1480 + d. Is x composite?
True
Let y = -1 - -3. Suppose 3*m = 3*k + 3, -3*m = 6*k - y*k - 24. Suppose 5*f = m*f + 499. Is f prime?
True
Let w = -3754 - -8313. Is w prime?
False
Suppose -2*j + 5*m = 3*j + 5, 2*j = -m - 2. Is -2*j/(-8) + 66690/104 composite?
False
Let q be 4/(-10) - 616/(-40). Let r(n) = 6*n - 2*n - 2*n - 1 - 3. Is r(q) a prime number?
False
Let z be 1 - (-14)/((-2 - -1)*-2). Suppose -9928 = -4*p - 2*s, -2*p + z*s - 3*s + 4976 = 0. Is p composite?
True
Let y = 106412 - 74619. Is y a prime number?
True
Let j(a) = 2*a**2 + 16*a + 1. Let h be j(8). Let p = h + 4070. Is p a prime number?
True
Let z be 0 + 1 + 12 + -3. Suppose -3*q = 3*f + 42, -5*f + 82 = -z*f + q. Is (-1 + (-396)/f)*4 prime?
False
Let k = 35233 - -1150. Is k a composite number?
False
Suppose -4*u + 16 = -2*x - 2, -5*x - 25 = 0. Suppose 0 = u*o - 4*o. Suppose o*w = -w + 69. Is w a prime number?
False
Let f = 2052 + 18091. Is f composite?
False
Let k = 129 + 2886. Is k + 8/((-2)/(-1)) a composite number?
False
Is 4/18 - (6 + (-1454189)/99) a composite number?
False
Is ((-3)/6 + 6/2)*194 a composite number?
True
Let t = 6050 - 3217. Is t composite?
False
Suppose -4*q = 3*p - 3751, 4*p - 3342 - 1655 = -q. Is p a prime number?
True
Let m(s) = 94*s**2 + 7*s + 6. Is m(4) prime?
False
Let y be 1 + -1 + -3 + 7 + -4. Suppose 6*l - 8*l - 4*t + 4594 = y, -2*t + 9212 = 4*l. Is l a prime number?
False
Let k(m) = 383*m - 10. Let j be k(5). Let t = -856 + j. Is t a prime number?
True
Suppose -4*n = -2*v - 12 + 34, -3*n + 16 = 5*v. Suppose 4*u - 887 = -0*f - v*f, 3*f = u - 226. Is u a prime number?
True
Let b(j) = 5*j**2 + j + 6. Let s be 20/(-6) + 7/21. Let n be b(s). Suppose -4*i = t - 0*t - 46, 4*i + 2*t - n = 0. Is i composite?
False
Suppose 28*i + 15182 = 30*i. Is i a composite number?
False
Suppose 5*x - 4*m = 6478, m = 4*x + 6*m - 5207. Suppose x = 9*i + 119. Is i a composite number?
False
Let z(u) = -2*u**2 + 12*u. Let m be z(6). Suppose m = -4*q + 39 + 1. Let a(h) = 10*h - 23. Is a(q) a composite number?
True
Let c(y) = y**2 + 4*y + 3. Let i be c(6). Let k = -39 - -80. Let w = i - k. Is w composite?
True
Suppose k + 13 = 3*u - 13, 0 = 2*u + 5*k + 11. Let x(f) = 29*f - 18. Is x(u) a composite number?
True
Let u(t) = 51 - 40*t + 3*t**2 - 37*t + 70*t. Is u(-22) composite?
False
Let u = -91 - -622. Suppose -177 = -k - 2*b, 3*k + 2*b - b = u. Is k composite?
True
Let s(b) = 17*b + 1. Let t be s(3). Let j = 243 - t. Is j a composite number?
False
Suppose 5*u - 3*h - 1734 = 19527, -2*u - 5*h = -8523. Suppose -4*c = -2*o - u, 3*o = c - 1316 + 240. Is c composite?
False
Let f = 30 + -10. Suppose -8*n - 12324 = -f*n. Is n prime?
False
Is 4/(-6)*(322839/(-6) - -12) prime?
True
Suppose 3*u = -n - 20 + 2, 2*n - 5*u - 8 = 0. Let w = 11 + n. Suppose 110 = w*z - 375. Is z a composite number?
False
Suppose -3*u + 6925 = 4*z, 0*u - 2*u = 3*z - 5195. Is z composite?
True
Let m(o) be the first derivative of 142*o**3/3 + 5. Let n be m(1). Let v = n - 57. Is v a prime number?
False
Let m = 87 + -84. Suppose 959 = -m*n + 22298. Is n a composite number?
True
Suppose 0 = 4*k + 6362 - 17974. Is k a composite number?
False
Let s = 18 + -6. Suppose 13*z - 721 = s*z. Is z a prime number?
False
Is (-185)/15*(-49611)/23 prime?
False
Let p = -29955 + 68317. Is p a prime number?
False
Let j(i) = -i**3 + i + 115. Let c be (0/1)/(4 + -1). Let k be c/((-4 - 0)/4). Is j(k) prime?
False
Let g = -3407 - -5883. Suppose -3*c = -2*j + g, -4*j + 0*j = 4*c - 4972. Is j prime?
False
Let r(t) = -t**3 + 26*t**2 - 16*t - 18. Is r(23) prime?
True
Suppose 0 = 3*t + 4*j - 24295 - 12134, 24286 = 2*t + 3*j. Is t composite?
False
Suppose -4*x + 8277 = 5*n, x - 3*n - 244 = 1804. Is x composite?
False
Suppose -n = -2*n - 4. Let p(v) = 8*v**2 - v - 5. Is p(n) composite?
False
Suppose 0 = 5*l - 10589 - 2921. Let q = 863 - l. Is (2 + (-28)/12)*q composite?
False
Suppose 0*n + 951 = n. Let k = -152 + n. Is k a composite number?
True
Let a(t) = -t + 14. Let x be (-1*1)/((-4)/32). Let i be a(x). Is (-4)/i - (-55)/15 prime?
True
Suppose -3*z + 1 = -5. Suppose -i - 6245 = -4*l, z*l + 4*i + 0*i = 3118. Is l prime?
False
Suppose 40362 - 220540 = -2*w. Is w composite?
False
Suppose 4*v - 5*j - 188 = 4376, -2*v - j = -2282. Is v composite?
True
Let g be (-272)/(-3) + 20/60. Let x = g - -202. Is x prime?
True
Let o(v) = 21*v**3 - 4*v**2 + 2*v + 9. Let b be o(6). Suppose 0 = -4*x + j + b, 5*x - j = 5039 + 477. Is x a prime number?
True
Let u = 5163 - 3492. Is u a composite number?
True
Is 3/((-12)/(-6388)*1) composite?
False
Let f = 884 - 625. Let c = f - -187. Is c a composite number?
True
Suppose 0 = 4*y + 16, 9*w = 7*w + y + 21938. Is w a prime number?
False
Suppose 2*s + 3*b - 903 - 356 = 0, 4*s - b - 2497 = 0. Let p = s - 362. Is p prime?
True
Suppose y - 5 = -2*w - 4*y, w = -3*y + 2. Suppose w = 2*l - 1. Suppose l*b + 0*b + 3*x = 546, 2*b = 3*x + 339. Is b a prime number?
False
Let t(q) = -q**2 - 4*q + 4. Let y be t(-6). Let k(r) = 6*r**3 + 7*r**2 - r - 11. Let o(m) = 5*m**3 + 7*m**2 - m - 9. Let w(g) = 4*k(g) - 5*o(g). Is w(y) prime?
False
Let x be (-11)/(-18)*-358 - 4/18. Let k = 44 - x. Is k a prime number?
True
Is 1/((-6 - 181282/(-30214))*-1) composite?
False
Let y be (-78)/(-21) - (-6)/21. Suppose 152 - 20 = -y*t. Let g = t - -35. Is g a prime number?
True
Let b be 1/(-3)*1/((-6)/378). Suppose 26*m - b*m - 235 = 0. Is m composite?
False
Let d(p) = -1236*p**3 + 2*p**2 + 9*p + 8. Is d(-1) a composite number?
False
Let h = 46810 + -30051. Is h a 